{"id":623,"date":"2025-06-06T08:27:05","date_gmt":"2025-06-06T08:27:05","guid":{"rendered":"https:\/\/nova.estetika-eva.si\/?page_id=623"},"modified":"2026-03-06T15:27:26","modified_gmt":"2026-03-06T15:27:26","slug":"japonski-cosmo-lifting","status":"publish","type":"page","link":"https:\/\/www.estetika-eva.si\/?page_id=623","title":{"rendered":"Japonski cosmo lifting"},"content":{"rendered":"\t\t<div data-elementor-type=\"wp-page\" data-elementor-id=\"623\" class=\"elementor elementor-623\">\n\t\t\t\t<div class=\"elementor-element elementor-element-59bd8b9 e-flex e-con-boxed e-con e-parent\" data-id=\"59bd8b9\" data-element_type=\"container\" data-e-type=\"container\" data-settings=\"{&quot;background_background&quot;:&quot;classic&quot;}\">\n\t\t\t\t\t<div class=\"e-con-inner\">\n\t\t\t\t<div class=\"elementor-element elementor-element-8f46a44 elementor-widget elementor-widget-spacer\" data-id=\"8f46a44\" data-element_type=\"widget\" data-e-type=\"widget\" data-widget_type=\"spacer.default\">\n\t\t\t\t<div class=\"elementor-widget-container\">\n\t\t\t\t\t\t\t<div class=\"elementor-spacer\">\n\t\t\t<div class=\"elementor-spacer-inner\"><\/div>\n\t\t<\/div>\n\t\t\t\t\t\t<\/div>\n\t\t\t\t<\/div>\n\t\t\t\t<div class=\"elementor-element elementor-element-e11b1eb elementor-widget elementor-widget-heading\" data-id=\"e11b1eb\" data-element_type=\"widget\" data-e-type=\"widget\" data-widget_type=\"heading.default\">\n\t\t\t\t<div class=\"elementor-widget-container\">\n\t\t\t\t\t<h2 class=\"elementor-heading-title elementor-size-default\">Japonski cosmo lifting<\/h2>\t\t\t\t<\/div>\n\t\t\t\t<\/div>\n\t\t\t\t<div class=\"elementor-element elementor-element-aea96df elementor-widget elementor-widget-text-editor\" data-id=\"aea96df\" data-element_type=\"widget\" data-e-type=\"widget\" data-widget_type=\"text-editor.default\">\n\t\t\t\t<div class=\"elementor-widget-container\">\n\t\t\t\t\t\t\t\t\t<p>Japonski cosmo lifting je ena izmed najbolj\u0161ih naravnih, predvsem pa neinvazivnih\u00a0metod za pomladitev obraza. S staranjem na\u0161e obrazno tkivo zmanj\u0161uje proizvodnjo\u00a0kolagena in posledi\u010dno za\u010dne ko\u017ea izgubljati pro\u017enost in elasti\u010dnost. Pojavijo se prve gube, ko\u017ea se za\u010dne pove\u0161ati, opaznej\u0161e pa postanejo tudi po\u0161kodbe, ki so nastale zaradi prekomernega izpostavljanja son\u010dnim \u017earkom. Ve\u010dina ukrepov proti prehitremu staranju ko\u017ee, ki so razpolo\u017eljivi na trgu, je invazivnih.\u00a0<\/p>\t\t\t\t\t\t\t\t<\/div>\n\t\t\t\t<\/div>\n\t\t\t\t<div class=\"elementor-element elementor-element-dd94dda elementor-widget-divider--view-line_icon elementor-view-default elementor-widget-divider--element-align-center elementor-widget elementor-widget-divider\" data-id=\"dd94dda\" data-element_type=\"widget\" data-e-type=\"widget\" data-widget_type=\"divider.default\">\n\t\t\t\t<div class=\"elementor-widget-container\">\n\t\t\t\t\t\t\t<div class=\"elementor-divider\">\n\t\t\t<span class=\"elementor-divider-separator\">\n\t\t\t\t\t\t\t<div class=\"elementor-icon elementor-divider__element\">\n\t\t\t\t\t<svg aria-hidden=\"true\" class=\"e-font-icon-svg e-fas-ellipsis-h\" viewBox=\"0 0 512 512\" xmlns=\"http:\/\/www.w3.org\/2000\/svg\"><path d=\"M328 256c0 39.8-32.2 72-72 72s-72-32.2-72-72 32.2-72 72-72 72 32.2 72 72zm104-72c-39.8 0-72 32.2-72 72s32.2 72 72 72 72-32.2 72-72-32.2-72-72-72zm-352 0c-39.8 0-72 32.2-72 72s32.2 72 72 72 72-32.2 72-72-32.2-72-72-72z\"><\/path><\/svg><\/div>\n\t\t\t\t\t\t<\/span>\n\t\t<\/div>\n\t\t\t\t\t\t<\/div>\n\t\t\t\t<\/div>\n\t\t<div class=\"elementor-element elementor-element-2a43569 e-con-full e-flex e-con e-child\" data-id=\"2a43569\" data-element_type=\"container\" data-e-type=\"container\">\n\t\t<div class=\"elementor-element elementor-element-3391057 e-con-full e-flex e-con e-child\" data-id=\"3391057\" data-element_type=\"container\" data-e-type=\"container\">\n\t\t<div class=\"elementor-element elementor-element-3c5b015 e-con-full e-flex e-con e-child\" data-id=\"3c5b015\" data-element_type=\"container\" data-e-type=\"container\">\n\t\t\t\t<div class=\"elementor-element elementor-element-e7e8036 elementor-widget elementor-widget-text-editor\" data-id=\"e7e8036\" data-element_type=\"widget\" data-e-type=\"widget\" data-widget_type=\"text-editor.default\">\n\t\t\t\t<div class=\"elementor-widget-container\">\n\t\t\t\t\t\t\t\t\t<p>Med njimi je najbolj raz\u0161irjena uporaba kirur\u0161kega liftinga, botoksa, kolagena in podobnih polnil. Njihova uporaba vsekakor ne deluje blagodejno na telo in lahko vodi do neza\u017eelenih stranskih u\u010dinkov, kot so prehod toksinov v druge dele telesa. Kreme in losjoni imajo pri tem malo ali skoraj ni\u010d u\u010dinka. Kon\u010dno je na voljo tudi metoda, ki ne izbolj\u0161uje samo strukture va\u0161e ko\u017ee, temve\u010d tudi blagodejno vpliva na ostale dele telesa. In poleg vsega nima nikakr\u0161nih stranskih u\u010dinkov.<\/p>\t\t\t\t\t\t\t\t<\/div>\n\t\t\t\t<\/div>\n\t\t\t\t<\/div>\n\t\t<div class=\"elementor-element elementor-element-bf88c96 e-con-full e-flex e-con e-child\" data-id=\"bf88c96\" data-element_type=\"container\" data-e-type=\"container\">\n\t\t\t\t<div class=\"elementor-element elementor-element-79c452d elementor-widget elementor-widget-text-editor\" data-id=\"79c452d\" data-element_type=\"widget\" data-e-type=\"widget\" data-widget_type=\"text-editor.default\">\n\t\t\t\t<div class=\"elementor-widget-container\">\n\t\t\t\t\t\t\t\t\t<p>\u00a0Metodo Japonskega cosmo liftinga je razvila mednarodno priznana refleksoterapevtka Lone Sorensen. V 33-letnem obdobju njenega ustvarjalnega delovanja je ugotovila, da nobena druga naravna metoda ne prina\u0161a tak\u0161nega u\u010dinka kot ravno Japonski cosmo lifting.<\/p>\t\t\t\t\t\t\t\t<\/div>\n\t\t\t\t<\/div>\n\t\t\t\t<\/div>\n\t\t\t\t<\/div>\n\t\t<div class=\"elementor-element elementor-element-a0d449f e-con-full e-flex e-con e-child\" data-id=\"a0d449f\" data-element_type=\"container\" data-e-type=\"container\">\n\t\t\t\t<div class=\"elementor-element elementor-element-a849ad3 elementor-widget elementor-widget-image\" data-id=\"a849ad3\" data-element_type=\"widget\" data-e-type=\"widget\" data-widget_type=\"image.default\">\n\t\t\t\t<div class=\"elementor-widget-container\">\n\t\t\t\t\t\t\t\t\t\t\t\t\t\t\t<img fetchpriority=\"high\" decoding=\"async\" width=\"800\" height=\"530\" src=\"https:\/\/www.estetika-eva.si\/wp-content\/uploads\/2025\/06\/japonc-1024x678.jpg\" class=\"attachment-large size-large wp-image-1021\" alt=\"\" srcset=\"https:\/\/www.estetika-eva.si\/wp-content\/uploads\/2025\/06\/japonc-1024x678.jpg 1024w, https:\/\/www.estetika-eva.si\/wp-content\/uploads\/2025\/06\/japonc-300x199.jpg 300w, https:\/\/www.estetika-eva.si\/wp-content\/uploads\/2025\/06\/japonc-768x509.jpg 768w, https:\/\/www.estetika-eva.si\/wp-content\/uploads\/2025\/06\/japonc-1536x1017.jpg 1536w, https:\/\/www.estetika-eva.si\/wp-content\/uploads\/2025\/06\/japonc-2048x1356.jpg 2048w\" sizes=\"(max-width: 800px) 100vw, 800px\" \/>\t\t\t\t\t\t\t\t\t\t\t\t\t\t\t<\/div>\n\t\t\t\t<\/div>\n\t\t\t\t<\/div>\n\t\t\t\t<\/div>\n\t\t\t\t<div class=\"elementor-element elementor-element-c57b227 elementor-widget-divider--view-line_icon elementor-view-default elementor-widget-divider--element-align-center elementor-widget elementor-widget-divider\" data-id=\"c57b227\" data-element_type=\"widget\" data-e-type=\"widget\" data-widget_type=\"divider.default\">\n\t\t\t\t<div class=\"elementor-widget-container\">\n\t\t\t\t\t\t\t<div class=\"elementor-divider\">\n\t\t\t<span class=\"elementor-divider-separator\">\n\t\t\t\t\t\t\t<div class=\"elementor-icon elementor-divider__element\">\n\t\t\t\t\t<svg aria-hidden=\"true\" class=\"e-font-icon-svg e-fas-ellipsis-h\" viewBox=\"0 0 512 512\" xmlns=\"http:\/\/www.w3.org\/2000\/svg\"><path d=\"M328 256c0 39.8-32.2 72-72 72s-72-32.2-72-72 32.2-72 72-72 72 32.2 72 72zm104-72c-39.8 0-72 32.2-72 72s32.2 72 72 72 72-32.2 72-72-32.2-72-72-72zm-352 0c-39.8 0-72 32.2-72 72s32.2 72 72 72 72-32.2 72-72-32.2-72-72-72z\"><\/path><\/svg><\/div>\n\t\t\t\t\t\t<\/span>\n\t\t<\/div>\n\t\t\t\t\t\t<\/div>\n\t\t\t\t<\/div>\n\t\t\t\t<div class=\"elementor-element elementor-element-0676022 elementor-widget elementor-widget-heading\" data-id=\"0676022\" data-element_type=\"widget\" data-e-type=\"widget\" data-widget_type=\"heading.default\">\n\t\t\t\t<div class=\"elementor-widget-container\">\n\t\t\t\t\t<h2 class=\"elementor-heading-title elementor-size-default\">Kako deluje?<\/h2>\t\t\t\t<\/div>\n\t\t\t\t<\/div>\n\t\t\t\t<div class=\"elementor-element elementor-element-017331b elementor-widget elementor-widget-text-editor\" data-id=\"017331b\" data-element_type=\"widget\" data-e-type=\"widget\" data-widget_type=\"text-editor.default\">\n\t\t\t\t<div class=\"elementor-widget-container\">\n\t\t\t\t\t\t\t\t\t<p>Japonski cosmo lifting je nevro-senzori\u010dni postopek, ki se ro\u010dno izvaja na obrazu, pri tem\u00a0pa se uporablja naravne ekolo\u0161ke izdelke. Je ne-kirur\u0161ka alternativa obraznemu liftingu. S\u00a0stimulacijo obraznih tkiv pripomore k regeneraciji, poleg tega pa tudi u\u010dvrsti obrazne\u00a0mi\u0161ice, zmanj\u0161a globoke in prepre\u010duje nastanek drobnih gubic. Obraz postane sve\u017e in\u00a0sijo\u010d.<\/p>\t\t\t\t\t\t\t\t<\/div>\n\t\t\t\t<\/div>\n\t\t\t\t<div class=\"elementor-element elementor-element-612d113 elementor-widget__width-initial elementor-widget elementor-widget-beaf-slider\" data-id=\"612d113\" data-element_type=\"widget\" data-e-type=\"widget\" data-widget_type=\"beaf-slider.default\">\n\t\t\t\t<div class=\"elementor-widget-container\">\n\t\t\t\t\t\n\t\t\t\n\t<style type=\"text\/css\">\n\t\t.slider-info-647.bafg-slider-info .bafg-slider-title {\n\t\t\t\t\t\t\tfont-size:\n\t\t\t\t\t22px\t\t\t\t;\n\t\t\t\n\t\t\t\n\t\t\t\t\t}\n\n\t\t.slider-info-647.bafg-slider-info .bafg-slider-description {\n\t\t\t\n\t\t\t\n\t\t\t\t\t}\n\t\t\n\t\t\n\t\t.slider-info-647.bafg-slider-info .bafg_slider_readmore_button {\n\t\t\t\n\t\t\t\n\t\t\t\n\t\t\t\n\t\t\t\n\t\t\ttext-align: center;\n\n\t\t\t\n\t\t\t\n\t\t\t\n\t\t\t\n\t\t\t\t\t}\n\n\t\t.slider-info-647.bafg-slider-info .bafg_slider_readmore_button:hover {\n\n\t\t\t\n\t\t\t\n\t\t\t\t\t}\n\t<\/style>\n\t\n\t\t\t<div class=\"bafg-twentytwenty-container slider-647  \"\n\t\t\t\tbafg-orientation=\"horizontal\" bafg-default-offset=\"0.5\"\n\t\t\t\tbafg-before-label=\"Before\"\n\t\t\t\tbafg-after-label=\"After\" bafg-overlay=\"1\"\n\t\t\t\tbafg-move-slider-on-hover=\"\"\n\t\t\t\tbafg-click-to-move=\"\">\n\n\t\t\t\t\t\t\t\t<img class=\"skip-lazy\" data-skip-lazy\t\t\t\t\tsrc=\"https:\/\/www.estetika-eva.si\/wp-content\/uploads\/2025\/06\/2-1.png\" alt=\"\">\n\t\t\t\t<img class=\"skip-lazy\" data-skip-lazy\t\t\t\t\tsrc=\"https:\/\/www.estetika-eva.si\/wp-content\/uploads\/2025\/06\/1.png\" alt=\"\">\n\n\t\t\t<\/div>\n\n\t\t\t\t<div class=\"bafg-slider-info-wraper\">\n\t\t<div style=\"\" class=\"slider-info-647 bafg-slider-info\">\n\t\t\t\t\t<\/div>\n\t<\/div>\n\t\n\t\t\t<style type=\"text\/css\">\n\t\t\t\t\t\t\t\t\t\t\t<\/style>\n\t\t\t\t\t\t\t<\/div>\n\t\t\t\t<\/div>\n\t\t\t\t<div class=\"elementor-element elementor-element-de217e6 elementor-widget elementor-widget-heading\" data-id=\"de217e6\" data-element_type=\"widget\" data-e-type=\"widget\" data-widget_type=\"heading.default\">\n\t\t\t\t<div class=\"elementor-widget-container\">\n\t\t\t\t\t<h2 class=\"elementor-heading-title elementor-size-default\">Za koga je primeren?<\/h2>\t\t\t\t<\/div>\n\t\t\t\t<\/div>\n\t\t\t\t<div class=\"elementor-element elementor-element-71c1610 elementor-widget elementor-widget-text-editor\" data-id=\"71c1610\" data-element_type=\"widget\" data-e-type=\"widget\" data-widget_type=\"text-editor.default\">\n\t\t\t\t<div class=\"elementor-widget-container\">\n\t\t\t\t\t\t\t\t\t<p>Japonski cosmo lifting obraza je primeren za \u017eenske in mo\u0161ke vseh starosti. Pri mlaj\u0161ih\u00a0ljudeh se izka\u017ee kot odli\u010dna preventiva proti nastanku drobnih gubic in izgubi kolagena.\u00a0S terapijami ostane ko\u017ea napeta in zdrava.\u00a0Pri zrelej\u0161i ko\u017ei Japonski cosmo lifting zmanja u\u010dinke obraznega staranja, kot so drobne\u00a0gubice in starostne pege. Z rednim izvajanjem terapije te postopoma izginejo, ostane pa\u00a0le \u0161e be\u017een spomin nanje.\u00a0Z Japonskim cosmo liftingom ob\u010dutno izbolj\u0161amo stanje mi\u0161ic po obrazni paralizi.\u00a0Izvajanje liftinga ima dvojni u\u010dinek: stimulacija obraznega tkiva prina\u0161a vidne rezultate,\u00a0stimulacija akupresurnih to\u010dk pa blagodejno vpliva na celotno telo in duha ter izbolj\u0161uje\u00a0splo\u0161no po\u010dutje.<\/p>\t\t\t\t\t\t\t\t<\/div>\n\t\t\t\t<\/div>\n\t\t\t\t<div class=\"elementor-element elementor-element-58b1afd elementor-align-center elementor-widget__width-auto floating elementor-widget elementor-widget-button\" data-id=\"58b1afd\" data-element_type=\"widget\" data-e-type=\"widget\" id=\"floating\" data-widget_type=\"button.default\">\n\t\t\t\t<div class=\"elementor-widget-container\">\n\t\t\t\t\t\t\t\t\t<div class=\"elementor-button-wrapper\">\n\t\t\t\t\t<a class=\"elementor-button elementor-button-link elementor-size-sm elementor-animation-grow\" href=\"https:\/\/form.lime-booking.com\/sl\/estetika_eva\/service\" target=\"_blank\" id=\"floating\">\n\t\t\t\t\t\t<span class=\"elementor-button-content-wrapper\">\n\t\t\t\t\t\t\t\t\t<span class=\"elementor-button-text\">NARO\u010cI SE<\/span>\n\t\t\t\t\t<\/span>\n\t\t\t\t\t<\/a>\n\t\t\t\t<\/div>\n\t\t\t\t\t\t\t\t<\/div>\n\t\t\t\t<\/div>\n\t\t\t\t\t<\/div>\n\t\t\t\t<\/div>\n\t\t<div class=\"elementor-element elementor-element-3056ac7 e-flex e-con-boxed e-con e-parent\" data-id=\"3056ac7\" data-element_type=\"container\" data-e-type=\"container\">\n\t\t\t\t\t<div class=\"e-con-inner\">\n\t\t\t\t\t<\/div>\n\t\t\t\t<\/div>\n\t\t\t\t<\/div>\n\t\t","protected":false},"excerpt":{"rendered":"<p>Japonski cosmo lifting Japonski cosmo lifting je ena izmed najbolj\u0161ih naravnih, predvsem pa neinvazivnih\u00a0metod za pomladitev obraza. S staranjem na\u0161e obrazno tkivo zmanj\u0161uje proizvodnjo\u00a0kolagena in posledi\u010dno za\u010dne ko\u017ea izgubljati pro\u017enost in elasti\u010dnost. Pojavijo se prve gube, ko\u017ea se za\u010dne pove\u0161ati, opaznej\u0161e pa postanejo tudi po\u0161kodbe, ki so nastale zaradi prekomernega izpostavljanja son\u010dnim \u017earkom. Ve\u010dina ukrepov [&hellip;]<\/p>\n","protected":false},"author":1,"featured_media":0,"parent":0,"menu_order":0,"comment_status":"closed","ping_status":"closed","template":"","meta":{"footnotes":""},"class_list":["post-623","page","type-page","status-publish","hentry"],"yoast_head":"<!-- This site is optimized with the Yoast SEO plugin v27.1.1 - https:\/\/yoast.com\/product\/yoast-seo-wordpress\/ -->\n<title>Japonski cosmo lifting - Estetika Eva<\/title>\n<meta name=\"robots\" content=\"index, follow, max-snippet:-1, max-image-preview:large, max-video-preview:-1\" \/>\n<link rel=\"canonical\" href=\"https:\/\/www.estetika-eva.si\/?page_id=623\" \/>\n<meta property=\"og:locale\" content=\"en_US\" \/>\n<meta property=\"og:type\" content=\"article\" \/>\n<meta property=\"og:title\" content=\"Japonski cosmo lifting - Estetika Eva\" \/>\n<meta property=\"og:description\" content=\"Japonski cosmo lifting Japonski cosmo lifting je ena izmed najbolj\u0161ih naravnih, predvsem pa neinvazivnih\u00a0metod za pomladitev obraza. S staranjem na\u0161e obrazno tkivo zmanj\u0161uje proizvodnjo\u00a0kolagena in posledi\u010dno za\u010dne ko\u017ea izgubljati pro\u017enost in elasti\u010dnost. Pojavijo se prve gube, ko\u017ea se za\u010dne pove\u0161ati, opaznej\u0161e pa postanejo tudi po\u0161kodbe, ki so nastale zaradi prekomernega izpostavljanja son\u010dnim \u017earkom. Ve\u010dina ukrepov [&hellip;]\" \/>\n<meta property=\"og:url\" content=\"https:\/\/www.estetika-eva.si\/?page_id=623\" \/>\n<meta property=\"og:site_name\" content=\"Estetika Eva\" \/>\n<meta property=\"article:modified_time\" content=\"2026-03-06T15:27:26+00:00\" \/>\n<meta property=\"og:image\" content=\"https:\/\/www.estetika-eva.si\/wp-content\/uploads\/2025\/06\/japonc-scaled.jpg\" \/>\n\t<meta property=\"og:image:width\" content=\"2560\" \/>\n\t<meta property=\"og:image:height\" content=\"1696\" \/>\n\t<meta property=\"og:image:type\" content=\"image\/jpeg\" \/>\n<meta name=\"twitter:card\" content=\"summary_large_image\" \/>\n<meta name=\"twitter:label1\" content=\"Est. reading time\" \/>\n\t<meta name=\"twitter:data1\" content=\"3 minutes\" \/>\n<script type=\"application\/ld+json\" class=\"yoast-schema-graph\">{\"@context\":\"https:\/\/schema.org\",\"@graph\":[{\"@type\":\"WebPage\",\"@id\":\"https:\/\/www.estetika-eva.si\/?page_id=623\",\"url\":\"https:\/\/www.estetika-eva.si\/?page_id=623\",\"name\":\"Japonski cosmo lifting - Estetika Eva\",\"isPartOf\":{\"@id\":\"https:\/\/www.estetika-eva.si\/#website\"},\"primaryImageOfPage\":{\"@id\":\"https:\/\/www.estetika-eva.si\/?page_id=623#primaryimage\"},\"image\":{\"@id\":\"https:\/\/www.estetika-eva.si\/?page_id=623#primaryimage\"},\"thumbnailUrl\":\"https:\/\/www.estetika-eva.si\/wp-content\/uploads\/2025\/06\/japonc-1024x678.jpg\",\"datePublished\":\"2025-06-06T08:27:05+00:00\",\"dateModified\":\"2026-03-06T15:27:26+00:00\",\"breadcrumb\":{\"@id\":\"https:\/\/www.estetika-eva.si\/?page_id=623#breadcrumb\"},\"inLanguage\":\"en-US\",\"potentialAction\":[{\"@type\":\"ReadAction\",\"target\":[\"https:\/\/www.estetika-eva.si\/?page_id=623\"]}]},{\"@type\":\"ImageObject\",\"inLanguage\":\"en-US\",\"@id\":\"https:\/\/www.estetika-eva.si\/?page_id=623#primaryimage\",\"url\":\"https:\/\/www.estetika-eva.si\/wp-content\/uploads\/2025\/06\/japonc-scaled.jpg\",\"contentUrl\":\"https:\/\/www.estetika-eva.si\/wp-content\/uploads\/2025\/06\/japonc-scaled.jpg\",\"width\":2560,\"height\":1696},{\"@type\":\"BreadcrumbList\",\"@id\":\"https:\/\/www.estetika-eva.si\/?page_id=623#breadcrumb\",\"itemListElement\":[{\"@type\":\"ListItem\",\"position\":1,\"name\":\"Home\",\"item\":\"https:\/\/www.estetika-eva.si\/\"},{\"@type\":\"ListItem\",\"position\":2,\"name\":\"Japonski cosmo lifting\"}]},{\"@type\":\"WebSite\",\"@id\":\"https:\/\/www.estetika-eva.si\/#website\",\"url\":\"https:\/\/www.estetika-eva.si\/\",\"name\":\"Estetika Eva\",\"description\":\"Estetika eva\",\"publisher\":{\"@id\":\"https:\/\/www.estetika-eva.si\/#organization\"},\"potentialAction\":[{\"@type\":\"SearchAction\",\"target\":{\"@type\":\"EntryPoint\",\"urlTemplate\":\"https:\/\/www.estetika-eva.si\/?s={search_term_string}\"},\"query-input\":{\"@type\":\"PropertyValueSpecification\",\"valueRequired\":true,\"valueName\":\"search_term_string\"}}],\"inLanguage\":\"en-US\"},{\"@type\":\"Organization\",\"@id\":\"https:\/\/www.estetika-eva.si\/#organization\",\"name\":\"Estetika Eva\",\"url\":\"https:\/\/www.estetika-eva.si\/\",\"logo\":{\"@type\":\"ImageObject\",\"inLanguage\":\"en-US\",\"@id\":\"https:\/\/www.estetika-eva.si\/#\/schema\/logo\/image\/\",\"url\":\"https:\/\/www.estetika-eva.si\/wp-content\/uploads\/2024\/12\/evaLogoMali.png\",\"contentUrl\":\"https:\/\/www.estetika-eva.si\/wp-content\/uploads\/2024\/12\/evaLogoMali.png\",\"width\":100,\"height\":100,\"caption\":\"Estetika Eva\"},\"image\":{\"@id\":\"https:\/\/www.estetika-eva.si\/#\/schema\/logo\/image\/\"}}]}<\/script>\n<!-- \/ Yoast SEO plugin. -->","yoast_head_json":{"title":"Japonski cosmo lifting - Estetika Eva","robots":{"index":"index","follow":"follow","max-snippet":"max-snippet:-1","max-image-preview":"max-image-preview:large","max-video-preview":"max-video-preview:-1"},"canonical":"https:\/\/www.estetika-eva.si\/?page_id=623","og_locale":"en_US","og_type":"article","og_title":"Japonski cosmo lifting - Estetika Eva","og_description":"Japonski cosmo lifting Japonski cosmo lifting je ena izmed najbolj\u0161ih naravnih, predvsem pa neinvazivnih\u00a0metod za pomladitev obraza. S staranjem na\u0161e obrazno tkivo zmanj\u0161uje proizvodnjo\u00a0kolagena in posledi\u010dno za\u010dne ko\u017ea izgubljati pro\u017enost in elasti\u010dnost. Pojavijo se prve gube, ko\u017ea se za\u010dne pove\u0161ati, opaznej\u0161e pa postanejo tudi po\u0161kodbe, ki so nastale zaradi prekomernega izpostavljanja son\u010dnim \u017earkom. Ve\u010dina ukrepov [&hellip;]","og_url":"https:\/\/www.estetika-eva.si\/?page_id=623","og_site_name":"Estetika Eva","article_modified_time":"2026-03-06T15:27:26+00:00","og_image":[{"width":2560,"height":1696,"url":"https:\/\/www.estetika-eva.si\/wp-content\/uploads\/2025\/06\/japonc-scaled.jpg","type":"image\/jpeg"}],"twitter_card":"summary_large_image","twitter_misc":{"Est. reading time":"3 minutes"},"schema":{"@context":"https:\/\/schema.org","@graph":[{"@type":"WebPage","@id":"https:\/\/www.estetika-eva.si\/?page_id=623","url":"https:\/\/www.estetika-eva.si\/?page_id=623","name":"Japonski cosmo lifting - Estetika Eva","isPartOf":{"@id":"https:\/\/www.estetika-eva.si\/#website"},"primaryImageOfPage":{"@id":"https:\/\/www.estetika-eva.si\/?page_id=623#primaryimage"},"image":{"@id":"https:\/\/www.estetika-eva.si\/?page_id=623#primaryimage"},"thumbnailUrl":"https:\/\/www.estetika-eva.si\/wp-content\/uploads\/2025\/06\/japonc-1024x678.jpg","datePublished":"2025-06-06T08:27:05+00:00","dateModified":"2026-03-06T15:27:26+00:00","breadcrumb":{"@id":"https:\/\/www.estetika-eva.si\/?page_id=623#breadcrumb"},"inLanguage":"en-US","potentialAction":[{"@type":"ReadAction","target":["https:\/\/www.estetika-eva.si\/?page_id=623"]}]},{"@type":"ImageObject","inLanguage":"en-US","@id":"https:\/\/www.estetika-eva.si\/?page_id=623#primaryimage","url":"https:\/\/www.estetika-eva.si\/wp-content\/uploads\/2025\/06\/japonc-scaled.jpg","contentUrl":"https:\/\/www.estetika-eva.si\/wp-content\/uploads\/2025\/06\/japonc-scaled.jpg","width":2560,"height":1696},{"@type":"BreadcrumbList","@id":"https:\/\/www.estetika-eva.si\/?page_id=623#breadcrumb","itemListElement":[{"@type":"ListItem","position":1,"name":"Home","item":"https:\/\/www.estetika-eva.si\/"},{"@type":"ListItem","position":2,"name":"Japonski cosmo lifting"}]},{"@type":"WebSite","@id":"https:\/\/www.estetika-eva.si\/#website","url":"https:\/\/www.estetika-eva.si\/","name":"Estetika Eva","description":"Estetika eva","publisher":{"@id":"https:\/\/www.estetika-eva.si\/#organization"},"potentialAction":[{"@type":"SearchAction","target":{"@type":"EntryPoint","urlTemplate":"https:\/\/www.estetika-eva.si\/?s={search_term_string}"},"query-input":{"@type":"PropertyValueSpecification","valueRequired":true,"valueName":"search_term_string"}}],"inLanguage":"en-US"},{"@type":"Organization","@id":"https:\/\/www.estetika-eva.si\/#organization","name":"Estetika Eva","url":"https:\/\/www.estetika-eva.si\/","logo":{"@type":"ImageObject","inLanguage":"en-US","@id":"https:\/\/www.estetika-eva.si\/#\/schema\/logo\/image\/","url":"https:\/\/www.estetika-eva.si\/wp-content\/uploads\/2024\/12\/evaLogoMali.png","contentUrl":"https:\/\/www.estetika-eva.si\/wp-content\/uploads\/2024\/12\/evaLogoMali.png","width":100,"height":100,"caption":"Estetika Eva"},"image":{"@id":"https:\/\/www.estetika-eva.si\/#\/schema\/logo\/image\/"}}]}},"_links":{"self":[{"href":"https:\/\/www.estetika-eva.si\/index.php?rest_route=\/wp\/v2\/pages\/623","targetHints":{"allow":["GET"]}}],"collection":[{"href":"https:\/\/www.estetika-eva.si\/index.php?rest_route=\/wp\/v2\/pages"}],"about":[{"href":"https:\/\/www.estetika-eva.si\/index.php?rest_route=\/wp\/v2\/types\/page"}],"author":[{"embeddable":true,"href":"https:\/\/www.estetika-eva.si\/index.php?rest_route=\/wp\/v2\/users\/1"}],"replies":[{"embeddable":true,"href":"https:\/\/www.estetika-eva.si\/index.php?rest_route=%2Fwp%2Fv2%2Fcomments&post=623"}],"version-history":[{"count":82,"href":"https:\/\/www.estetika-eva.si\/index.php?rest_route=\/wp\/v2\/pages\/623\/revisions"}],"predecessor-version":[{"id":1229,"href":"https:\/\/www.estetika-eva.si\/index.php?rest_route=\/wp\/v2\/pages\/623\/revisions\/1229"}],"wp:attachment":[{"href":"https:\/\/www.estetika-eva.si\/index.php?rest_route=%2Fwp%2Fv2%2Fmedia&parent=623"}],"curies":[{"name":"wp","href":"https:\/\/api.w.org\/{rel}","templated":true}]}}